e 12, what is -213 + 162b?
1418
In base 6, what is -1 - 11153?
-11154
In base 3, what is -2112222101 + 2?
-2112222022
In base 2, what is -100 + 1111010100011011?
1111010100010111
In base 6, what is 2511421 + 2?
2511423
In base 5, what is -101002303 - -10?
-101002243
In base 7, what is -60 + 242304?
242214
In base 13, what is -18148 + 0?
-18148
In base 2, what is 100100 + 11101000100?
11101101000
In base 13, what is 4b0401 - 3?
4b03cb
In base 6, what is 105101 - 2?
105055
In base 11, what is 34484 - 10?
34474
In base 8, what is -265 - 37423?
-37710
In base 9, what is -4 + 171543?
171538
In base 8, what is 27 + 4402?
4431
In base 7, what is -2 - 155160?
-155162
In base 11, what is 4 - 790a18?
-790a14
In base 14, what is 269 - -71?
2da
In base 9, what is 1136 - 455?
571
In base 7, what is -1321106 + 21?
-1321055
In base 15, what is -1bb + 21c?
51
In base 7, what is -4240 + -52?
-4322
In base 7, what is 0 - -40004?
40004
In base 11, what is 4 + -440a83?
-440a7a
In base 8, what is 53 + 121565?
121640
In base 14, what is -5 + 110053?
11004c
In base 10, what is -466 + 283?
-183
In base 6, what is -103252 + 10?
-103242
In base 7, what is -562 + 160?
-402
In base 2, what is -101000 - 11000010110?
-11000111110
In base 9, what is 2036 + -4?
2032
In base 10, what is 26 + -3106?
-3080
In base 15, what is 5 + -884?
-87e
In base 15, what is 5 - 7927?
-7922
In base 15, what is 41 + 218?
259
In base 11, what is -670 + 23?
-648
In base 14, what is -4 - -139bb?
139b7
In base 2, what is 100001000 + -11110011000?
-11010010000
In base 6, what is 0 - -142431?
142431
In base 4, what is 3033023 + -11?
3033012
In base 16, what is -6a3fd + -3?
-6a400
In base 6, what is -24350 + -120?
-24510
In base 6, what is -245110 - 4?
-245114
In base 13, what is ba6 + 5a?
c33
In base 5, what is 224243 + -3?
224240
In base 2, what is -11 + 1110101100110010001?
1110101100110001110
In base 13, what is 2 - 7851?
-784c
In base 7, what is 5 + 45313?
45321
In base 15, what is 3524 - 1?
3523
In base 5, what is 104 - -4241?
4400
In base 16, what is -4 - -274ca?
274c6
In base 15, what is 41a56 - -3?
41a59
In base 7, what is -5 - 502331?
-502336
In base 9, what is -1 + -4017?
-4018
In base 10, what is -3 - 18908?
-18911
In base 4, what is -100 + 13301?
13201
In base 8, what is 44510 + 2?
44512
In base 15, what is -5300 - -a?
-52e5
In base 2, what is 10100011001100 + -111000?
10100010010100
In base 13, what is -6 - 76a0?
-76a6
In base 6, what is -123420 - 231?
-124051
In base 7, what is 6412403 - -5?
6412411
In base 7, what is 101313 + 61?
101404
In base 11, what is -23394 - -4?
-23390
In base 11, what is -416 + 1162?
847
In base 8, what is -345 - -524?
157
In base 15, what is -27478 + -4?
-2747c
In base 4, what is 1321110 - -11231?
1333001
In base 14, what is -5 + 3444?
343d
In base 5, what is -21444 - 1024?
-23023
In base 5, what is -342423 + 301?
-342122
In base 7, what is 55 - 11145?
-11060
In base 5, what is 1 - 44022?
-44021
In base 12, what is -76 + -6a6?
-760
In base 11, what is -271 + 191?
-90
In base 3, what is -11002 + -112022101?
-112110110
In base 14, what is 67 - 7665?
-75dc
In base 5, what is 1211423 - 42?
1211331
In base 6, what is 1 - 2253432?
-2253431
In base 7, what is -5 + -124500?
-124505
In base 7, what is 1016053 + 4?
1016060
In base 16, what is -50249 - 7?
-50250
In base 4, what is 11231231 - 21?
11231210
In base 14, what is -9817 - 5?
-981c
In base 8, what is -46 + 10154?
10106
In base 4, what is -2003 - 1322?
-3331
In base 5, what is 3433242343 + 1?
3433242344
In base 14, what is 31 + -2256?
-2225
In base 13, what is -54 + 1016?
c92
In base 15, what is -5 + 6ee4e?
6ee49
In base 8, what is -2126 - -5745?
3617
In base 11, what is 26 - 42459?
-42433
In base 13, what is -2 + -949a9?
-949ab
In base 8, what is -3045 + -2?
-3047
In base 12, what is 6057a - 5?
60575
In base 3, what is -100 - 10210112102?
-10210112202
In base 7, what is 2053 - -2663?
5046
In base 10, what is 787844 + 2?
787846
In base 16, what is b1bb - 5?
b1b6
In base 13, what is c9a57 + -4?
c9a53
In base 3, what is 22021211021 + 1?
22021211022
In base 4, what is 12 - 1201233?
-1201221
In base 16, what is -60f + 91c?
30d
In base 5, what is 2 - 14110143?
-14110141
In base 6, what is -15333 - -112?
-15221
In base 4, what is 3032110 - -1011?
3033121
In base 11, what is -4 + -55705?
-55709
In base 13, what is 116b - -18?
1186
In base 12, what is -946a26 - -4?
-946a22
In base 14, what is -a9b13 + 3?
-a9b10
In base 12, what is -84 + 26b5?
2631
In base 13, what is 5 + -68907?
-68902
In base 11, what is 5 - 8111a5?
-8111a0
In base 5, what is -2 + 1340434?
1340432
In base 6, what is -5 + -3353432?
-3353441
In base 6, what is -300545 + -3?
-300552
In base 8, what is 1640 + -10?
1630
In base 8, what is 130665 + -3?
130662
In base 6, what is -323 + -51551?
-52314
In base 5, what is -434 - -411034?
410100
In base 13, what is -1b + 85a3?
8585
In base 4, what is -13302120 + 32?
-13302022
In base 3, what is 2 + 112101?
112110
In base 11, what is 21 + -1924?
-1903
In base 14, what is -509 - 1171?
-167a
In base 7, what is 4 - -620365?
620402
In base 12, what is 2 + -191898?
-191896
In base 7, what is -1036 - -225?
-511
In base 8, what is -1063234 + -5?
-1063241
In base 7, what is -4451 - -365?
-4053
In base 11, what is -11326 - 5?
-11330
In base 6, what is 434 - -103443?
104321
In base 2, what is -1 + -1000101000100000000?
-1000101000100000001
In base 5, what is -22234110 + -2?
-22234112
In base 12, what is -709 - 16?
-723
In base 8, what is 43 + 3155?
3220
In base 3, what is 1210200 + 20021?
2000221
In base 14, what is 19a0 - 1c7?
17b7
In base 12, what is -4 + 1509b?
15097
In base 6, what is 322532 - 4?
322524
In base 6, what is 241 - -443140?
443421
In base 10, what is 1320 + 477?
1797
In base 4, what is 0 + -133032121?
-133032121
In base 10, what is 1387 + 10?
1397
In base 7, what is 0 + 413424?
413424
In base 15, what is 8d + 6e6?
784
In base 14, what is 17 - -2cc7?
2d00
In base 3, what is -12 - 2111100?
-2111112
In base 6, what is 5 + -2303413?
-2303404
In base 2, what is -11000 - -110001100100?
110001001100
In base 12, what is 3498 + 10?
34a8
In base 15, what is -a - -6d04?
6ce9
In base 9, what is -206 - 7414?
-7621
In base 11, what is 34688 - -22?
346aa
In base 13, what is 5bb32 - -3?
5bb35
In base 4, what is -222012023201 + 11?
-222012023130
In base 4, what is -31000 + 31?
-30303
In base 2, what is 1111010010 - 11110101?
1011011101
In base 13, what is 2 - 10c8?
-10c6
In base 15, what is e555 + -3?
e552
In base 2, what is 10110101111 - 10110011010?
10101
In base 14, what is -75430 - 2?
-75432
In base 8, what is -733106 - 5?
-733113
In base 8, what is 1 - -1540175?
1540176
In base 9, what is 2 + 61085?
61087
In base 6, what is 125221 + -30?
125151
In base 15, what is 824 - 7?
81c
In base 6, what is -31 + -2135503?
-2135534
In base 3, what is 12121101212 + 12?
12121102001
In base 12, what is -70470 + 1a?
-70452
In base 2, what is 1 - -10101111000110011010?
10101111000110011011
In base 13, what is -5 - -155b?
1556
In base 2, what is -11101 + 101000?
1011
In base 3, what is 1200210 - 222202?
201001
In base 9, what is 35743 - -14?
35757
In base 6, what is 1 - -15542?
15543
In base 11, what is 5 + aa55?
aa5a
In base 12, what is -121 + 710?
5ab
In base 15, what is 33d21 - 5?
33d1b
In base 14, what is -3 - -42c70?
42c6b
In base 11, what is 4 + 138?
141
In base 7, what is -23 + -1332446?
-1332502
In base 13, what is -1c25b - 1?
-1c25c
In base 3, what is 20120211021 + -12?
20120211002
In base 2, what is 1011010000011 - -100?
1011010000111
In base 6, what is -3 - 550523?
-550530
In base 15, what is -74c - -8a?
-6b2
In base 8, what is -662 + 7266?
6404
In base 9, what is -70038 + -31?
-70070
In base 12, what is 1a - 24059?
-2403b
In base 10, what is -3756 + -13?
-3769
In base 16, what is 2 - a2?
-a0
In base 4, what is -100221 + -121?
-101002
In base 12, what is 1 - -10355?
10356
In base 4, what is -3210 - 1230?
-11100
In base 15, what is -34ec8 - 0?
-34ec8
In base 12, what is -30a - 193?
-4a1
In base 4, what is -1223001 - -3?
-1222332
In base 11, what is 6 + -11063?
-11058
In base 15, what is 5 - -4ecce?
4ecd4
In base 9, what is 28 + -15482?
-15453
In base 4, what is -120313011 + 10?
-120313001
In base 11, what is 3a1 + 72a?
10